11) is divided by 7?
6
Let w = 55 + -26. Calculate the remainder when 86 is divided by w.
28
Let w = -5 - -16. What is the remainder when 19 is divided by w?
8
Calculate the remainder when 28 is divided by (1 + -2)*(0 - 16).
12
Let y(g) = -g**3 + 8*g**2 - 8*g + 9. Suppose f - 4 = -1. What is the remainder when f is divided by y(7)?
1
Calculate the remainder when (-2)/(-3)*-6 + 38 is divided by 13.
8
What is the remainder when (0 + 1/2)*14 is divided by (-1)/6 + 76/24?
1
Suppose -n + 2*p = -0*n - 41, 5*n - 4*p = 205. Suppose 3*l - n = 61. Let r(q) = -q**3 - 9*q**2 - 10*q - 4. What is the remainder when l is divided by r(-8)?
10
Let n(o) = -o**2 + 3*o + 2. Let m be n(3). Suppose -l + 33 = m*l. Calculate the remainder when 21 is divided by l.
10
Suppose -2*j = j - 171. Let v(k) = 44*k**2 + 2*k - 1. Let z be v(1). What is the remainder when j is divided by (z/12)/((-2)/(-8))?
12
Let f(o) = 8*o**3. Let v(k) = k**3 - k**2 + 3*k - 3. Let x be v(2). Suppose 70 = -2*t + x*t. Calculate the remainder when t is divided by f(1).
6
Let v(p) = p + 6. Let j be (3/(-6))/((-1)/110). Suppose -5*i - 2*w = -109, -3*i = -5*i + 3*w + j. What is the remainder when i is divided by v(6)?
11
Let o = 33 + 26. What is the remainder when o is divided by 16?
11
Let n = 48 - 32. Calculate the remainder when n is divided by 10.
6
Let u(t) = 4*t - 3. Suppose 4*n + 3*a = 5, -4*n + 0*a + 3 = 5*a. Suppose -n*g + 0 + 6 = 0. Calculate the remainder when 17 is divided by u(g).
8
Let h(v) be the first derivative of -v**3/3 + 5*v**2 - 12*v - 1. Let j = 8 + -1. What is the remainder when j is divided by h(8)?
3
Let y(n) = -2*n**3 + n**2 - 2. Let c be (4/5)/((-4)/(-50)). Suppose 0 = -6*x + x - c. Calculate the remainder when 53 is divided by y(x).
17
Suppose 0*q = -5*p - 5*q + 310, 0 = p + 3*q - 72. Calculate the remainder when p is divided by 16.
9
Let r be 1/3*6 - 0. Suppose 0*l + r*l = 24. What is the remainder when 31 is divided by l?
7
Suppose 0 = 4*b + 4*n - 12, -b + 5*n = -3*b + 15. Suppose b = -3*o - 10 + 1, 5*o = -2*p + 5. What is the remainder when p is divided by 1/(-2) + (-18)/(-4)?
2
Let u(c) be the first derivative of -c**4/4 - 2*c**3/3 + 3*c**2/2 - 4*c - 1. What is the remainder when u(-4) is divided by 9?
7
Suppose -4*h = -25 - 107. What is the remainder when h is divided by 9?
6
Let b = 23 + 7. Calculate the remainder when b is divided by 17.
13
Suppose -o - 5*x + 34 = 0, 4*o - x + 0*x - 52 = 0. Let z(f) = f**2 + 2*f + 2. What is the remainder when o is divided by z(-3)?
4
Let u(s) = s**2 + 6*s - 6. Calculate the remainder when 37 is divided by u(-8).
7
Let p = 5 + -2. Suppose -5*z - p*y = -20, 0 = -2*y + 6*y. Calculate the remainder when 9 is divided by z.
1
Let i = 15 - 9. Let a(x) = 1. Let b(j) = 6*j + 9. Let h(q) = -5*a(q) + b(q). Calculate the remainder when h(i) is divided by 14.
12
Suppose -d - w = 23, -90 + 5 = 5*d - w. Suppose 5*c - 4 - 16 = 0. Calculate the remainder when (-256)/d - (-2)/(-9) is divided by c.
2
Suppose 0 = -5*o + 30 + 10. Suppose -c + o = c. Suppose 7*u - 132 = c*u. Calculate the remainder when u is divided by 15.
14
Let g(m) be the third derivative of -m**5/30 + m**4/24 + m**3/3 - 2*m**2. Let l be g(4). Let k = l + 40. Calculate the remainder when 27 is divided by k.
13
Suppose 0 = 5*b + 2*h - 7*h - 375, -4*b = -3*h - 295. What is the remainder when ((-18)/7)/((-15)/b) is divided by 5?
2
Let a(c) = -c**2 - 17*c - 16. Calculate the remainder when 66 is divided by a(-15).
10
Let a = 7 + -5. What is the remainder when 12 is divided by a?
0
Calculate the remainder when 39 is divided by ((-8)/4)/((-4)/22).
6
Let v be 58/1 + -3 + 1. Suppose 4*h + v = 6*h. What is the remainder when h is divided by 15?
13
Let j(v) = v**2 - 28*v + 80. Let m = 7 - -5. What is the remainder when m is divided by j(25)?
2
Let f be (-2)/3 + (-62)/6. Let q = -7 - f. Calculate the remainder when 10 is divided by q.
2
Let g(z) = 9*z**2 + 2*z + 1. Calculate the remainder when g(-1) is divided by 3.
2
What is the remainder when 2/5 + 1152/20 is divided by 10?
8
Let n(t) = 9*t**2 + 7*t - 4. Let i be n(5). Suppose -4*p = -5*x + 509, -5*x - 152 = 3*p + i. What is the remainder when 1/4 - p/4 is divided by 9?
6
Suppose 2*p - 4*p = -16. Let x(m) = -m**2 - 7*m - 2. Let i be x(-7). Let y(r) = -2*r + 1. What is the remainder when p is divided by y(i)?
3
Let c be (-64)/(-12) - (-1)/(-3). Suppose -c*r + 4 = -3*r. Calculate the remainder when 3 is divided by r.
1
Suppose -10*n - 76 = -226. Calculate the remainder when n is divided by 4.
3
Let a(j) be the third derivative of j**4/12 - 4*j**3/3 + 4*j**2. What is the remainder when 10 is divided by a(6)?
2
Let p = 83 + -70. Calculate the remainder when 75 is divided by p.
10
Let s(k) = -k + 13. What is the remainder when s(-9) is divided by 12?
10
Suppose -2*l = -2*d - 0*d - 16, 2*l - d - 15 = 0. What is the remainder when l is divided by 5?
2
Suppose -n + 15 = i, 2*i - 4*i + n + 36 = 0. Calculate the remainder when 98 is divided by i.
13
Let r(z) be the first derivative of 2 - 1/4*z**4 + 2*z**2 - 4*z - 1/3*z**3. Calculate the remainder when r(-4) is divided by 10.
8
Let b = 173 - 69. What is the remainder when b is divided by 35?
34
Suppose 0*f - 5*f = -25. Suppose 0 = -3*w + f*w - 18. Suppose 0 = 5*d - 36 - w. Calculate the remainder when 33 is divided by d.
6
Suppose 3*w + 5 = -4*p, -2 + 13 = -5*w - 4*p. Let s(x) = 4*x + 2*x**2 - 4*x**2 + 2 + 4*x**2. Calculate the remainder when 23 is divided by s(w).
7
Let a(n) = 3*n**2 + n + 1. Let l = 26 - 10. What is the remainder when a(3) is divided by l?
15
Let v(k) = -6*k - 4. Calculate the remainder when v(-3) is divided by 5.
4
Suppose -10 = -6*f + f. Suppose 6*l = f*l + 36. Calculate the remainder when 26 is divided by l.
8
Let s be -3 + 862/(-6)*-3. Suppose 0*t - s = -4*t. Calculate the remainder when t is divided by 27.
26
Let v(i) = -i**2 + 6*i + 4. Let q be v(7). Let c = -42 - -59. Calculate the remainder when c is divided by -1*(-9)/3 - q.
5
Calculate the remainder when 13 is divided by (-18)/63 + (-30)/(-7).
1
Suppose -2*s = q - 1, -3*q + 0*q + 3*s = -21. Calculate the remainder when 7 is divided by q.
2
Let w(n) be the third derivative of -n**6/120 - 11*n**5/60 - 11*n**4/24 - 2*n**3/3 + 2*n**2. What is the remainder when w(-10) is divided by 4?
2
Let u be (24/30)/(4/10). Suppose 0 = -2*r + 4*v + 64, -v = 2 + u. Calculate the remainder when 70 is divided by r.
22
Suppose o + 117 = 4*u - 2*o, -o - 111 = -4*u. Calculate the remainder when 53 is divided by u.
26
Suppose -20 = -2*c - 4*j, -2*c + 0*c + 3*j = -41. Calculate the remainder when (30/9)/(3/27) is divided by c.
14
Suppose 21 = 5*y - 2*y. Suppose -5*r = -y*r. Suppose r = -l + 4 - 1. What is the remainder when 7 is divided by l?
1
Let y(g) be the first derivative of -g**4/4 + 7*g**3/3 + 4*g**2 + 3*g - 5. Suppose -2*k = k - 24. What is the remainder when k is divided by y(8)?
2
Suppose 4*c - 62 = -2. Suppose w - 4*t - 40 = -4*w, -3*w - 5*t = -24. What is the remainder when c is divided by w?
7
Suppose 68 = 4*h + 2*o + 3*o, 0 = -4*h + 3*o + 68. Suppose -u = -2*w + w - 4, -2 = 2*u - 4*w. Calculate the remainder when h is divided by u.
8
Suppose -7 = g - 20. What is the remainder when 23 is divided by g?
10
Let j(y) = y**2 - 2*y. Let u be j(3). Let m be (-1 + u)/(10/15). Suppose -q + m*q = 92. Calculate the remainder when q is divided by 16.
14
Suppose 0 = 2*k - k - 4. Suppose 2*b - 4*g = 20, -2*b + g + 4*g = -22. What is the remainder when b is divided by k?
2
What is the remainder when 87 is divided by (-92)/(-5) - (-8)/(-20)?
15
Let c(y) = -y**2 - 7*y - 7. Let n be c(-6). Let v(r) = 5*r**2 + r - 2. What is the remainder when v(-2) is divided by (n + 10/(-8))*-4?
7
Calculate the remainder when 3/(-15) + 212/10 is divided by 6.
3
Suppose -t + 3 = -0*t - 5*v, 3*v = 6. Let i(o) = 10 + o**2 + 13 + o + 0*o**2. Calculate the remainder when i(0) is divided by t.
10
Let m be 2*1/(-2) + 40. Suppose 5 = s - m. Suppose 0 = 4*z + c - 65, -4*c + 5 = z - 2*z. What is the remainder when s is divided by z?
14
Let q(y) = -7*y + 1. Let d = 62 - 57. Calculate the remainder when q(-1) is divided by d.
3
Suppose -220 = 3*z - 14*z. Let w = 11 + 0. Calculate the remainder when z is divided by w.
9
Suppose 3*s - 108 = o - 4*o, -3*o = -3*s - 102. Let j = 